 + 294. Let n be y(15). Let c(w) = -20*w + 5. Let o(p) = 1. Let z(u) = c(u) - 3*o(u). What are the prime factors of z(n)?
2, 61
Let o(z) = -3*z - 8 + z**3 + 4 - 2*z**2 + 1 + 2*z. Let a be o(3). Suppose -y - 5 = 0, -2*w - a*y + 35 = -0*y. What are the prime factors of w?
5
Let s(o) = 44*o + 1410. What are the prime factors of s(9)?
2, 3, 7, 43
Suppose -5*o - 4*n + 100 = 0, -2*o - 4*n + 10 + 30 = 0. What are the prime factors of ((-2325)/o)/((9/(-8))/3)?
2, 5, 31
Let s(v) = 15*v**2 + 207*v - 235. List the prime factors of s(45).
5, 13, 607
Let n(s) = -1634*s - 826. What are the prime factors of n(-22)?
2, 17, 1033
Suppose -13*t + 20*t = 24*t - 338079. What are the prime factors of t?
3, 7, 947
Let j = -190 + 236. Suppose 48640 = -14*x + j*x. What are the prime factors of x?
2, 5, 19
Let u(w) = 5*w**3 - 84*w**2 + 157*w - 205. Let h(d) = -d**3 + 21*d**2 - 39*d + 51. Let x(l) = 9*h(l) + 2*u(l). What are the prime factors of x(-21)?
2, 7, 59
List the prime factors of -51 - -41 - 488257/(-11).
199, 223
Let x be 8/16 + (-54)/(-4). Let q(v) = v**2 - 17*v + 45. Let s be q(x). Suppose -2*i + l = -423 + 18, -s*l - 395 = -2*i. List the prime factors of i.
5, 41
Suppose 10*b + 4*b - 181135 = -3*b. List the prime factors of b.
5, 2131
Let g(q) = -q + 131. Let l be 11*1*(-18)/18. Let y(o) = -o**2 - 12*o - 11. Let a be y(l). What are the prime factors of g(a)?
131
Let x(c) = -15*c - 239. Let a be x(-16). What are the prime factors of a*-1*(-3 + -146)?
149
Let w = 1507 - 1009. Let j = w + 114. What are the prime factors of j?
2, 3, 17
Suppose 0 = 9*s - 12*s + 192. Suppose -80 - s = -4*u. List the prime factors of 6/u - (-6164)/24.
257
Suppose 160*s - 5081178 = -12*s - 11*s. What are the prime factors of s?
2, 13883
Let c(q) = -806*q - 3540. What are the prime factors of c(-12)?
2, 3, 7, 73
Suppose -5*j + 4*j = -3*s - 32442, 10*j = -2*s + 324516. List the prime factors of j.
3, 29, 373
Suppose -4*c + 25 = 5*a, 5*c - 7*a + 10*a - 28 = 0. Suppose c*s = -5*j + 3590 + 2895, -5*s = j - 1305. List the prime factors of j.
5, 7, 37
Let k(w) = 88*w + 32. Let i(c) = 177*c + 66. Let d(r) = -3*i(r) + 5*k(r). What are the prime factors of d(-4)?
2, 163
Suppose -9190*u = -9174*u - 528048. What are the prime factors of u?
3, 19, 193
Suppose -41*n + 40*n = g - 7026, 3*g = -n + 21072. List the prime factors of g.
3, 2341
Let x be (-16 - -4)/(-2*(-4)/(-12)). Let t(s) = 56*s - 101. List the prime factors of t(x).
907
Let y = 5340 - 3776. What are the prime factors of y?
2, 17, 23
Let y = 14067 - 11161. List the prime factors of y.
2, 1453
Let q(p) = p - 5. Let g = -72 + 82. Let i be q(g). Suppose 2*w = w + 5*k + 38, -5*w - i*k = -100. List the prime factors of w.
23
List the prime factors of 40/200 - (-1728952)/40.
2, 3, 1801
Suppose 38 = 2*u - 2*p, -5*u - p = 20 - 145. Let y be u/10*(-130)/(-39). Let w(r) = -r**3 + 8*r**2 + 18*r + 4. What are the prime factors of w(y)?
2, 37
Let u be (2/2)/((-242)/(-241) - 1). Suppose 2*y = -5*q + u, -2*q = -0*q - y - 100. Let v = 156 - q. List the prime factors of v.
107
Let g(h) = -h + 33*h**2 - 1 - 54*h**3 - 31*h**2 - 4*h. What are the prime factors of g(-2)?
449
Suppose -l + 4*r = 3*r - 2, 0 = -4*r. Suppose -s = -z + 3, l*s - 14 = -2*z - 0*s. What are the prime factors of z/((-15)/52)*-3?
2, 13
Suppose 0 = 4*y - 2*i - 31428, -5*i + 6231 = y - 1626. What are the prime factors of y?
3, 97
Let c = 30 + 22. Suppose -4*m + i = -i + 64, 4*m + i + c = 0. Let k(v) = -v**2 - 15*v - 12. What are the prime factors of k(m)?
2
Let a(n) = 7*n**2 - 2*n**3 + 7*n - n**3 - 17 + 4*n**3 + 7. Let l be a(-5). Suppose 0 = -5*q, -320 = -l*t + 2*q - 4*q. List the prime factors of t.
2
Let u = 132 + -132. Let h = u + 0. Suppose 3*s + s - 568 = h. List the prime factors of s.
2, 71
Suppose 4*v = 5*k - 256, -4*v + 2*k - 11 = 233. Let a = 64 + v. What are the prime factors of ((-61)/(-3))/(a/30)?
2, 61
Let w(a) = 8*a**3 - 40*a**2 + 65*a - 9. What are the prime factors of w(12)?
3, 5, 19, 31
Let i = 533 + -521. Suppose i*c - 9982 = -1486. List the prime factors of c.
2, 3, 59
Suppose 3*d = -r + d + 7, -5*d = -3*r + 10. Suppose n - 3*n - 185 = r*q, 12 = 4*q. What are the prime factors of (1352/(-20))/(5/(n/8))?
13
Let a(j) be the third derivative of -5/8*j**4 + 0*j + 0 + 15*j**2 - 3/2*j**3. List the prime factors of a(-6).
3
Let j be 0 + (-3561)/(-6) - 3/(-2). Let d = 1109 - j. List the prime factors of d.
2, 257
Suppose -38 - 18 = -7*f. Let j(v) = -v**3 + 17*v**2 - 6*v + 8. Let g be j(f). What are the prime factors of (g + -6)*4/10?
2, 53
List the prime factors of -13 + (-14 + 24904 - 11).
2, 12433
Let l(n) = -36*n + 17. Let p be l(-8). Let g = p - -132. What are the prime factors of g?
19, 23
Let f be ((-3560)/32)/(1/(-10 + 2)). Suppose 15*l = 4*y + 13*l - f, l = y - 223. List the prime factors of y.
2, 3, 37
Let y = -75 + 155. Suppose -4*w = w. Suppose w = -2*r + 4*r - y. List the prime factors of r.
2, 5
Let a be 4/((12/21)/((-10)/35)). List the prime factors of (-46797)/(-152) + a/(-16).
2, 7, 11
Let j = -1033 - -2795. Suppose -3*b + q = -1657 - 986, -2*b + j = 5*q. Suppose b = 11*x - 373. What are the prime factors of x?
2, 3, 19
What are the prime factors of (-1643422)/(-38) - 161/(-3059)?
2, 3, 17, 53
Suppose -4893047 = -89*a - 453994. List the prime factors of a.
49877
What are the prime factors of (459/54)/(2/1304)?
2, 17, 163
Suppose -5*m - 12728 + 48748 = -5*j, 0 = -j. What are the prime factors of m?
2, 1801
Suppose 9367 = 6*f + 2677. What are the prime factors of f?
5, 223
Let y(f) = -18*f - 48. Let k be 3/(-2) + (-18)/4. List the prime factors of y(k).
2, 3, 5
Let u(t) = 12*t - 114. Let k be u(10). Suppose k*p + 302 - 1976 = 0. List the prime factors of p.
3, 31
Let i be ((-200)/(-52) - 4) + 7536/(-26). Let w = 389 + i. List the prime factors of w.
3, 11
Let r be (3/3)/((-2)/(-180)) + -2. Suppose -84*o = -r*o + 1260. List the prime factors of o.
3, 5, 7
Let m(j) = -2*j**3 - 13*j**2 - 42*j + 47. What are the prime factors of m(-11)?
2, 17, 47
Suppose 0 = 2*j - 2*k - 20296, 12*j = 10*j - 2*k + 20316. What are the prime factors of j?
11, 13, 71
Suppose -5*f + 2*w = -81756, 494*f - 495*f + 16333 = -3*w. What are the prime factors of f?
2, 13, 17, 37
Suppose -c - 18 = 5*c. Let q = -92 - -89. List the prime factors of c/6*q*20.
2, 3, 5
Let y(s) = -2*s**3 - 28*s**2 - 69*s + 2. List the prime factors of y(-18).
2, 7, 137
Let q be 16/20 + 22/10. Let j = -9 + 18. Suppose q*z - 21 = -j. List the prime factors of z.
2
Let b = -250 - -250. Suppose -3*n + b = 6, 3*n - 912 = -3*o. List the prime factors of o.
2, 3, 17
Let y = -756 - -612. List the prime factors of (-384)/y*2/(16/2358).
2, 3, 131
Let t(y) = -4947*y + 704. List the prime factors of t(-6).
2, 15193
Let c be 428*(-129)/(-72) - 2/(-12). Suppose 0 = 4*t - w - 2216 + c, -15 = 3*w. List the prime factors of t.
19
Let u(n) = 7*n**2 - 15*n - 1. Let w(o) = 3*o**2 - 8*o. Let x(b) = -2*u(b) + 5*w(b). Let f be x(10). What are the prime factors of (-1 + f)*(118 - -5)?
3, 41
Suppose 0 = 41*h - 29*h - 249576. Suppose -19*k + h + 4909 = 0. List the prime factors of k.
3, 11, 41
Suppose -8*k + 6*k = 0. Suppose k = x - i - 1609, -2 - 18 = -5*i. What are the prime factors of x?
1613
Let q = -550 + 522. List the prime factors of 12/(-14) - 29816/q.
2, 7, 19
What are the prime factors of (-64)/(-800)*100*((-9666)/(-8) - -1)?
2, 7, 691
Suppose 8*r = 6*r + 4. Suppose 0 = f - 2*y - 199, -r*f + 496 = y + 83. Let l = 358 - f. List the prime factors of l.
3, 17
Suppose -7*d = 5*m - 10*d - 458414, d = 4*m - 366720. List the prime factors of m.
2, 23, 1993
Suppose -7*s + 65089 = 13688. List the prime factors of s.
7, 1049
Let g be 6/15*(-1)/(2/10). List the prime factors of ((-6)/10)/(g/1850*1).
3, 5, 37
Let z = -207 - -214. Let n(t) = -t**3 + 16*t**2 - 13*t + 8. List the prime factors of n(z).
2, 179
Let r = 84 + -63. Suppose -7060 = -r*j + 2810. What are the prime factors of j?
2, 5, 47
Let l = 9960 - 6673. What are the prime factors of l?
19, 173
Let j = -47420 - -80678. List the prime factors of j.
2, 3, 23, 241
Let t be (-2)/12 + 104671/42. Suppose -13*a + 1499 + t = 0. What are the prime factors of a?
307
Let w(p) = 2*p**3 - 4*p**2 - p + 6. Let f be w(3). Let l = f - 22. What are the prime factors of (-110)/(-5) + l/(-1)?
23
